1452
Let d(m) = 2008*m - 20078. Give d(10).
2
Let t(g) = 19*g**3 + 80*g**2 - 266*g - 1075. Give t(-4).
53
Let d(z) = -251*z - 5530. What is d(-26)?
996
Let q(a) = -a**3 + 17*a**2 - 18*a - 559. Determine q(9).
-73
Let j(d) = -d**2 + 440*d + 161335. Determine j(-238).
-29
Let o(p) = 28796*p + 57484. Give o(-2).
-108
Let a(w) = 227*w - 9063. Calculate a(46).
1379
Let d(y) = -9655*y + 299079. What is d(31)?
-226
Let w(f) = 2*f**3 - 26*f**2 + 160*f - 1034. Calculate w(10).
-34
Let b(l) = 2*l**3 + 39*l**2 + 23*l + 207. Calculate b(-19).
131
Let r(f) = 383846*f - 4606150. Give r(12).
2
Let l(r) = 193*r - 3026. Calculate l(15).
-131
Let b(c) = -1253*c - 30822. What is b(-25)?
503
Let f(g) = 4*g**3 - g**2 - 1448*g - 4277. Determine f(-3).
-50
Let a(f) = 4*f**3 - 6*f**2 - 18*f + 25. What is a(-3)?
-83
Let o(n) = -5*n**2 - 92*n - 149. What is o(-8)?
267
Let o(r) = 2475*r + 53813. Determine o(-22).
-637
Let z(f) = 2625*f - 4633118. Give z(1765).
7
Let f(c) = 2*c**2 - 509*c + 20752. Give f(203).
-157
Let p(o) = -8634*o - 4170230. Calculate p(-483).
-8
Let m(t) = t**3 + 85*t**2 + 1767*t + 148. What is m(-36)?
40
Let w(y) = -y**2 - 234*y - 13427. What is w(-98)?
-99
Let v(n) = n**3 - 63*n**2 + 439*n - 18447. What is v(61)?
890
Let u(f) = 37*f - 4437. What is u(151)?
1150
Let n(t) = -364344*t + 2914760. Give n(8).
8
Let n(y) = y**2 + 8139*y + 81289. Give n(-10).
-1
Let w(y) = y**3 + 587*y**2 - 544*y + 25896. Calculate w(-588).
24
Let h(x) = -x**3 + 380*x**2 + 1913*x + 4931. What is h(385)?
311
Let y(j) = 18*j**2 - 1382*j - 17904. What is y(-13)?
3104
Let a(x) = -5*x**2 - 137840*x - 551301. Give a(-4).
-21
Let w(u) = 53532*u + 535319. Determine w(-10).
-1
Let j(u) = u**2 + 94*u + 1907. Calculate j(-83).
994
Let i(v) = 619679*v - 14872263. Determine i(24).
33
Let u(w) = 135*w**2 - 1413*w - 762. What is u(11)?
30
Let q(z) = -z**3 + 43*z**2 - 203*z + 65. Determine q(37).
768
Let n(t) = 3*t**2 + 1326*t - 3971. What is n(3)?
34
Let b(m) = -106*m**2 + 177*m + 506. Give b(5).
-1259
Let p(m) = -4*m**2 - 197*m + 1064. What is p(-54)?
38
Let l(q) = -62*q**2 + 4407*q + 178. Determine l(71).
533
Let m(q) = -3*q**3 + 175*q**2 + 142*q - 11564. Determine m(58).
36
Let u(c) = 110142*c - 1541966. Calculate u(14).
22
Let h(q) = q**3 - 31*q**2 - 185*q + 609. Give h(36).
429
Let h(q) = -q**3 + 134*q**2 + 6520*q - 478. Determine h(-38).
130
Let p(u) = 4*u**2 + 378*u - 13025. What is p(27)?
97
Let c(q) = 267*q - 17933. Determine c(70).
757
Let r(j) = 3*j**2 - 1424*j + 16667. Determine r(12).
11
Let y(b) = -6*b**3 - 66*b**2 + 5*b + 71. Give y(-11).
16
Let x(o) = o**3 - 125*o**2 - 431*o - 89. Give x(-3).
52
Let p(v) = -17*v**3 + 4063*v**2 + v - 10. What is p(239)?
229
Let r(p) = p**2 + 21*p - 50981. Calculate r(213).
-1139
Let q(m) = m**3 - 17*m**2 - 23*m + 203. What is q(18)?
113
Let j(s) = 14*s**2 - 3306*s - 12949. Determine j(240).
11
Let m(k) = 1637*k - 140773. Give m(86).
9
Let y(t) = 4475*t - 17867. Determine y(4).
33
Let j(o) = -o**2 - 6*o + 1050. Calculate j(-37).
-97
Let f(t) = 6*t**3 - 119*t**2 - 419*t + 13. Calculate f(-3).
37
Let o(s) = 74192*s - 741843. What is o(10)?
77
Let j(g) = 65*g**2 + 795*g - 401. Give j(-13).
249
Let d(i) = -867008*i + 5202074. Determine d(6).
26
Let t(f) = 180025*f - 360000. Calculate t(2).
50
Let a(h) = -h**3 + 163*h**2 - 306*h - 512. What is a(3)?
10
Let i(h) = 1805*h + 25048. Give i(-14).
-222
Let o(k) = k**3 + 884*k**2 + 102933*k - 2066. Give o(-138).
4
Let w(y) = 2*y**3 - 874*y - 30. Determine w(21).
138
Let x(q) = -53*q**2 - 3444*q - 3405. What is x(-64)?
-77
Let b(v) = 787*v + 450. Give b(-3).
-1911
Let d(y) = -26260*y + 709031. What is d(27)?
11
Let h(j) = j**2 + 640*j + 4433. What is h(-7)?
2
Let v(z) = z**3 - 118*z**2 - 134*z + 1403. Calculate v(119).
-382
Let r(y) = -6*y**3 + 3365*y**2 + 570*y - 5123. Give r(561).
-74
Let k(g) = -9*g**3 + 155*g**2 - 36*g + 6454. Determine k(19).
-6
Let q(s) = -4*s**2 + 172*s + 717. Give q(0).
717
Let x(p) = -46019*p + 276066. Calculate x(6).
-48
Let h(x) = 2*x**2 + 349*x - 5578. Give h(-187).
-903
Let l(u) = 2376*u + 487082. Calculate l(-205).
2
Let p(a) = 1559*a + 8891. Determine p(-6).
-463
Let q(m) = 3*m**3 + 3345*m**2 - 36*m - 40159. Calculate q(-1115).
-19
Let u(v) = -181*v**2 - 1171*v + 3. Give u(-6).
513
Let y(l) = -2*l + 460. Calculate y(19).
422
Let p(q) = 145*q + 113. Determine p(-1).
-32
Let i(z) = z**3 + 20*z**2 - 76*z - 114. Give i(-18).
1902
Let q(d) = 311030*d + 1866185. What is q(-6)?
5
Let d(f) = -f**3 + 37*f**2 + 21*f + 1287. What is d(38)?
641
Let c(v) = -9*v**2 - 1300*v - 1302. Determine c(-1).
-11
Let s(q) = -1777*q + 50424. Give s(27).
2445
Let g(k) = 4*k**3 - 90*k**2 - 822*k + 7. Calculate g(-7).
-21
Let i(p) = -287*p**2 - 202317*p + 12693. Determine i(-705).
3
Let f(a) = a**3 - 12*a**2 + 56*a - 487. Determine f(8).
-295
Let c(d) = 3*d**3 - 374*d**2 - 1283*d + 386. Calculate c(128).
2
Let j(k) = k**3 + 28*k**2 - 648*k - 17901. Calculate j(-29).
50
Let n(d) = 5*d**2 - 765*d + 2893. Calculate n(4).
-87
Let i(w) = -109522*w + 766653. Calculate i(7).
-1
Let i(o) = 2*o**2 - 115718*o + 10. Determine i(0).
10
Let c(o) = -27*o - 2598. What is c(-78)?
-492
Let r(g) = g**2 - 889*g + 94177. Determine r(123).
-41
Let x(d) = -180771*d - 361834. Calculate x(-2).
-292
Let r(q) = -q**3 - 31*q**2 - 220*q - 233. Give r(-9).
-35
Let m(x) = x**3 - 1465*x**2 - 91501*x - 43. What is m(-60)?
17
Let i(w) = 351*w**2 + 40*w - 36. Give i(3).
3243
Let h(x) = -6*x**2 + 62*x - 1233. What is h(-15)?
-3513
Let d(a) = -20915*a + 1610470. Determine d(77).
15
Let m(i) = i**3 + 77*i**2 - 871*i - 96. What is m(-87)?
-9
Let u(o) = -4746*o - 360487. Give u(-76).
209
Let q(s) = -99004*s + 1137. Calculate q(0).
1137
Let o(n) = -50*n**3 + 352*n**2 + 703*n - 1. What is o(-2)?
401
Let k(o) = -10*o**3 + 18*o**2 + 150*o - 118. Determine k(-8).
4954
Let f(y) = -6*y**2 - 135*y - 287. Determine f(-14).
427
Let o(k) = k**3 + 33*k**2 - 289*k + 89. Calculate o(7).
26
Let j(v) = -v**3 + 404*v**2 - 39047*v + 1126. Give j(160).
6
Let f(n) = -11*n**2 - 663*n + 8119. Give f(12).
-1421
Let i(p) = 526*p - 10800. Calculate i(22).
772
Let z(o) = 2236*o + 813924. Calculate z(-364).
20
Let p(c) = -2*c**2 + 649*c + 6656. Give p(-10).
-34
Let z(f) = -34*f**3 - 1968*f**2 + 247*f + 873. Calculate z(-58).
3
Let v(t) = -271*t - 15713. What is v(-58)?
5
Let p(k) = -k**3 - 6*k**2 + 18562*k + 37134. What is p(-2)?
-6
Let y(x) = -692*x + 294059. Calculate y(425).
-41
Let d(w) = 45946*w - 117. Give d(0).
-117
Let h(r) = 2*r**3 - 92*r**2 - 95*r + 159. Determine h(46).
-4211
Let s(d) = -3*d**3 + 168*d**2 + 172*d - 133. What is s(57)?
-76
Let x(k) = -599*k - 46770. Give x(-78).
-48
Let d(i) = 4*i**3 - 3*i**2 + 2370*i + 4771. Give d(-2).
-13
Let q(d) = 18*d**3 + 214*d**2 + 15*d - 1754. Calculate q(-11).
17
Let u(s) = s**2 - 1773*s + 81119. Determine u(47).
-3
Let f(q) = 10496881*q + 62981281. What is f(-6)?
-5
Let y(j) = -1827*j - 14119. What is y(-11)?
5978
Let h(t) = 4*t**3 - 31*t**2 - 259*t - 311. Determine h(-6).
-737
Let f(z) = -z**3 + 33*z**2 - 186*z - 924. Calculate f(15).
336
Let q(x) = -3*x**2 - 159*x - 460. Calculate q(-5).
260
Let r(x) = -3*x**2 - 59*x + 824. What is r(16)?
-888
Let h(y) = -y**2 - 34407*y - 1820746. Give h(-53).
16
Let g(v) = v**3 - 25*v**2 + 2421*v - 57594. What is g(24)?
-66
Let m(o) = -1275101*o - 36977931. Give m(-29).
-2
Let l(u) = u**3 + 39*u**2 - 526*u - 16809. Determine l(-42).
-9
Let t(a) = 13*a**3 - 14212*a**2 + 3302*a - 25128. Calculate t(1093).
11
Let t(a) = -a**3 + 11*a**2 + 458*a - 5970. Give t(15).
0
Let u(k) = -5*k**3 + 10*k**2 - 19*k + 401. Calculate u(7).
-957
Let k(v) = -2*v**2 - 756*v + 95457. Calculate k(-478).
-143
Let w(l) = 87*l**2 - 3209*l - 3680. What is w(38)?
6
Let q(j) = 2*j**3 - 56*j**2 + 44*j + 79. Give q(27).
-191
Let o(x) = -28*x**2 - 4411*x - 102. What is o(-157)?
2253
Let x(s) = 2*s**3 + 305*s**2 + 736*s - 2104. What is x(-150)?
-4
Let l(b) = 69*b**2 - 11863*b - 591. Give l(172).
269
Let q(u) = 4*u**3 + 759*u**2 + 32368*u - 872. What is q(-125)?
3
Let i(z) = -z**2 + 305*z - 2675. What is i(9)?
-11
Let j(y) = 2*y**2 + 210*y - 1032. Give j(-109).
-160
Let w(y) = 2*y**3 + 42*y**2 - 34*y - 149. Determine w(-22).
-369
Let m(p) = p**2 + 372*p + 9882. Calculate m(-29).
-65
Let j(d) = -5*d**2 + 1